 + 3)*(-1 + 627).
2, 313
Suppose 0 = -j - 5*j + 354. Let g = 61 - j. What are the prime factors of g?
2
Suppose 0 = -21*a + 23 + 61. Suppose -3 = -0*v - v. Suppose 4*g = -3*t + 220, -a*g + t + 62 = -v*g. What are the prime factors of g?
2, 29
List the prime factors of -2 + (-3740)/(-12) + (-18)/27.
3, 103
Let w(g) = g + 1. Let l be w(4). Suppose -2*h = h - l*n - 158, 2*n = 5*h - 257. What are the prime factors of h?
3, 17
Let n(c) = 3*c + 9. Suppose -5*i + 4*f - 11 + 35 = 0, -2*f = 2. What are the prime factors of n(i)?
3, 7
Let q = -805 - -2292. What are the prime factors of q?
1487
Let m(c) = -9*c + 155. What are the prime factors of m(14)?
29
Let u(m) = -1 - 1 + 17 + m. Let a = 12 + -12. What are the prime factors of u(a)?
3, 5
Let l = 309 + -157. What are the prime factors of l?
2, 19
Let v(r) = r**3 + 9*r**2 + 8. Let b be v(-9). Suppose b = -2*h + 3*h. List the prime factors of h.
2
Let n = -1916 - -2880. List the prime factors of n.
2, 241
Let q = -49 - -240. Suppose -6*p - q = -1073. What are the prime factors of p?
3, 7
Let r = -479 + 828. List the prime factors of r.
349
Let j = -660 - 78. Let g = -457 - j. List the prime factors of g.
281
Suppose 18*n - 20894 = -1706. List the prime factors of n.
2, 13, 41
Let w(q) = 12*q + 9. Let v be w(11). Let t = -37 + v. Suppose 3*r - 2*m - 5 = 105, t = 3*r + 4*m. List the prime factors of r.
2, 3
Suppose 4*m - 5*m + 2376 = -5*i, 4*m + 4*i - 9480 = 0. What are the prime factors of m?
2371
Let h = 493 - 21. List the prime factors of h.
2, 59
Let q = 35 + 265. Suppose 16*i - q = 4*i. List the prime factors of i.
5
Let x be (-21)/(-3) - (-1)/1. Suppose 0 + 4 = -3*a - 5*u, a - x = 3*u. Suppose -39 = -4*o - 4*m - m, 0 = -o - a*m + 12. What are the prime factors of o?
2, 3
Suppose 733*o - 732*o = 310. List the prime factors of o.
2, 5, 31
Let h(t) = 57*t - 271. List the prime factors of h(15).
2, 73
Suppose -4*o = -o - 3*d - 39, 4*o = -2*d + 64. Suppose o = 3*i - 192. List the prime factors of i.
3, 23
Let b(u) = u**3 - 29*u**2 + 36*u - 79. What are the prime factors of b(28)?
5, 29
Suppose z + h + 26 = -2*h, -3*z - 4*h - 78 = 0. Let k = -19 - z. Suppose -5*j = -2*q - 189, -k*j + 105 = -4*j + 3*q. List the prime factors of j.
37
Let f be 3 + (-1 - (-5 + 1 + 2)). List the prime factors of (-57)/f*(220/(-12) + 5).
2, 5, 19
Let i(h) = 1914*h**2 - 5*h - 1. List the prime factors of i(1).
2, 3, 53
Let n(m) = m**3 - 4*m**2 + 2*m + 3. Let o be n(3). Suppose -4*v + 105 + 295 = o. List the prime factors of v.
2, 5
Let h(g) be the third derivative of 5/6*g**4 + 0*g - 2*g**3 + 0 - 2*g**2 - 1/60*g**5. List the prime factors of h(14).
2, 3
Let f(m) = 7*m**3 + 7*m**2 - 9*m + 4. List the prime factors of f(3).
229
Let x(l) = -9*l + 9. Let o be x(11). Let c = -26 - o. List the prime factors of c.
2
Let b = -14 + 24. List the prime factors of b/(3*6/45).
5
Suppose -15*t = -17*t + 6. Suppose -t*d = -2*d - 119. What are the prime factors of d?
7, 17
Let y(l) = l**3 - 7*l**2 - 7*l + 7. Let t = -54 + 80. Suppose 5*o - 34 = 3*u, 3*o = 6*o + u - t. List the prime factors of y(o).
3, 5
Suppose -1496 = -5*w - 12*w. Suppose -13*u = -2896 + w. What are the prime factors of u?
2, 3
Suppose -266 - 86 = -n. List the prime factors of n.
2, 11
Let t = -2 - -2. Suppose -j - 35 = -k, -j + 33 = -t*k + k. Suppose -3*r + 0*p + 2*p = -k, -4*p - 48 = -4*r. What are the prime factors of r?
2, 5
Suppose -2*h - 28 = -4*v, -5*h = v - 3 - 4. Suppose 0 = -2*a + 3*n + 4, -n + 3 = -a + v. What are the prime factors of a?
2
Let g be 1/(-4) + 85/20. Let l(p) = -13*p - 24. Let b be l(-5). Suppose -g*d - b = -157. List the prime factors of d.
29
Let l(c) be the third derivative of -2/3*c**3 + 0*c - 1/120*c**6 - 7/12*c**4 - 11/60*c**5 + 0 - 3*c**2. List the prime factors of l(-10).
2, 3
Let d be (-4)/(-8)*-2 + -4. Let o(f) = -2*f**3 - 6*f**2 + 10*f + 18. What are the prime factors of o(d)?
2, 17
Let z(b) = -b**3 + 21*b**2 - 18*b + 14. List the prime factors of z(18).
2, 331
Suppose -4*d + 1 = 4*r + 37, -2*r + 38 = -2*d. Let v = d - -128. What are the prime factors of v?
2, 3, 19
Suppose -5*x + 5*t = -14180, -6*t - 8518 = -3*x - 8*t. List the prime factors of x.
2, 3, 11, 43
Let k(i) = -4*i - 3*i - 7 - 2. Let t(x) = 3*x**2 + 9*x + 3. Let g be t(-2). What are the prime factors of k(g)?
2, 3
Let j(k) = -45*k**3 + k**2 + 2*k + 1. Let m = 15 + -16. Let n be j(m). Suppose -3*z + 33 + n = 0. List the prime factors of z.
2, 13
Let s(b) = 2*b**3 - 15*b**2 - b + 7. Suppose 4*y - 12 = -3*j + 11, -3*j + 3*y + 30 = 0. List the prime factors of s(j).
241
Let j be 6/9 + 8/6. What are the prime factors of (2/2 - j)*-59?
59
Let k be -4 + (-396)/(-102) + (-6)/(-51). Let p be -1*10/(-2) + 0. Suppose p*t - 175 = -k*t. List the prime factors of t.
5, 7
Suppose t = -3*j + 6, 0 = -2*t + 4*j + 2 - 0. Suppose -3*m - 2*i - 14 = 3*i, -12 = 5*m - 3*i. List the prime factors of (-45)/(m - 0) + t.
2, 3
Suppose 10*r - 1012 = 6*r. Suppose r = 5*d + t + 44, 0 = -4*d - 5*t + 163. Suppose 2*x - 32 = d. List the prime factors of x.
37
Suppose 0*s - 32 = -2*s. Suppose 0*v + 15 = 3*v. Let i = s - v. What are the prime factors of i?
11
Suppose -4*h + 13 = 5*a, 4*h = 2*a + 4 + 2. Let l(z) = 49*z - 3. List the prime factors of l(h).
5, 19
What are the prime factors of 532/(-665)*(-11705)/2?
2, 2341
Let k(y) = 14*y**2 - 2*y - 14. List the prime factors of k(9).
2, 19, 29
Suppose -3*s = 2*s - 5. Let c(z) = z**2 - 4*z + 4. Let n be c(4). List the prime factors of (n + 3 - -1)*s.
2
Let f(s) = s**3 - 8*s**2 + 8*s - 3. Let z be f(7). Let o(y) = 36*y - 2. List the prime factors of o(z).
2, 71
Suppose 0 = j + 50 - 864. List the prime factors of j.
2, 11, 37
Suppose s - 526 - 1287 = 0. What are the prime factors of s?
7, 37
Suppose -9*s - 5672 = -29774. List the prime factors of s.
2, 13, 103
Let y = 2277 - -806. List the prime factors of y.
3083
Suppose 0 = 5*f + 2*q - 2636, -3*f - 2*f + 3*q = -2621. List the prime factors of f.
2, 263
Suppose 9*i - 6165 = -6*i. List the prime factors of i.
3, 137
Suppose -n + 8903 = 4*w + w, 0 = 4*w + 4*n - 7132. Suppose 0 = a - o - 3*o - 368, -5*o - w = -5*a. What are the prime factors of 0 + -1 - a/(-8)?
43
Suppose -3*c + 4312 = -5*z, 0*c + 3*z = -4*c + 5730. List the prime factors of c.
2, 3, 239
Let o = 3 - 2. Let r = o - 7. Let i(d) = -d**3 - 6*d**2 - 2*d + 5. List the prime factors of i(r).
17
Let b(v) be the second derivative of v**5/60 + 7*v**4/24 + 7*v**3/6 - 2*v**2 + v. Let u(y) be the first derivative of b(y). What are the prime factors of u(-8)?
3, 5
Let s = -13 - -13. Suppose s = -2*k - 26 - 20. Let v = 44 + k. What are the prime factors of v?
3, 7
Suppose 4*u = -x + 1629, 2*u = -3*x - 3*u + 4866. List the prime factors of x.
3, 7, 11
Let q = -53 - -23. Let g = 12 - q. List the prime factors of g.
2, 3, 7
Suppose -2*d - 22 = -28, 4*d + 14703 = 3*l. List the prime factors of l.
3, 5, 109
Let c(f) = 41*f - 6 + 11 - 9. List the prime factors of c(2).
2, 3, 13
Let v = 1762 - 461. What are the prime factors of v?
1301
Let d = 627 + -271. Let s = -190 + d. List the prime factors of s.
2, 83
Suppose 4*i + i + 3*b = 8387, b - 3355 = -2*i. What are the prime factors of i?
2, 839
Suppose 20 = 5*q + 2*w, -5*q + 4*w + 5 = 3*w. Suppose -q*y + 2*o = 1464, y + 2*y - 2*o + 2200 = 0. List the prime factors of (-4)/30 + y/(-120).
2, 3
Suppose -6*j = -j - 940. Suppose 11*w + j = 15*w. Suppose 69 + 1 = 2*g - 4*a, 5*a + w = g. What are the prime factors of g?
3
Suppose -43*d + 7*d + 21564 = 0. List the prime factors of d.
599
Let v(q) = 2*q**3 + 5*q**2 + 8*q - 16. What are the prime factors of v(5)?
3, 7, 19
Suppose 0 = -6*l - 17*l + 21321. What are the prime factors of l?
3, 103
Suppose 2*m - 3 = 5*s - 21, 0 = -s + 4*m. Suppose 0 = s*y - 3*c - 873, -y + 232 = 4*c - 2*c. List the prime factors of y.
2, 3, 37
Suppose -4*s - 3*z = -0*z - 20, 3*z - 12 = 0. Suppose 5 = 5*j, -s = -2*h + 3*j - 1. List the prime factors of h.
2
Let r = -8718 - -13281. What are the prime factors of r?
3, 13
Let i(u) = -u**3 + 12*u**2 - 10*u + 6. Suppose 12 = s + s + 2*g, -3*g = -5*s + 70. List the prime factors of i(s).
17
Suppose -5*i - 15 = 0, -8*a + 21*i = 16*i - 31871. List the prime factors of a.
2, 11, 181
Suppose -13757 = -20*p - 3857. List the prime factors of p.
3, 5, 11
Let g be 15/2